. Let u(p) = -p - 3. Let r(x) = -4*l(x) - 14*u(x). Give r(-12).
-10
Suppose -133*q + 280 = -173*q. Let u(b) = -2*b**3 - 12*b**2 + 11*b - 3. Let a(f) = f**3 + 6*f**2 - 5*f + 1. Let x(k) = 5*a(k) + 2*u(k). Calculate x(q).
-29
Let w = -71 - -66. Let n be (28/42)/((-1)/(-15)). Let u(r) = -r + 5*r**2 - n*r**3 - 2 - r + 11*r**3. What is u(w)?
8
Let y(u) = -30 + 22 - 21 - u + 0*u - 14. Determine y(0).
-43
Let n(p) = -3*p + 20. Let k(l) = -l + 22. Let d(x) = 2*k(x) - 3*n(x). Give d(7).
33
Let q(m) = -2*m**2 - 6*m - 5. Let k(u) = -u**2 + u - 1. Let y(c) = -k(c) + q(c). Let h = 409 - 414. Determine y(h).
6
Let l = 6098 + -6102. Let i(j) = j**3 + 3*j + 5. Give i(l).
-71
Let x(b) = 5*b - 2. Let t be (1 - 5) + (-11 - (-15 - -5)). Let w(f) = -f**2 + 10*f - 3. Let o(r) = t*x(r) + 2*w(r). Suppose -12 = -0*h + 3*h. Calculate o(h).
-8
Suppose 2*l = -3*l + 25. Suppose -9*g = -l*g + 4. Let z be 3 + -3 + g*7. Let y(h) = h**3 + 6*h**2 - 7*h + 9. Give y(z).
9
Suppose 0 = -3*x + 4*v - 17, 0*x + 5*v = -2*x - 42. Let b(c) = c**2 + 12*c + 3. Let y be b(x). Let o(k) be the first derivative of k**2 + 7*k - 21. Give o(y).
-9
Let q(z) be the first derivative of z**4/4 + 7*z**3/3 - z**2 - 13*z - 115. Determine q(-7).
1
Suppose 5*x + z = 70, 3*z + 30 = 46*x - 45*x. Let j(t) = 3*t - 1. Determine j(x).
44
Let r(s) = s**3 - 12*s**2 - 28*s + 3. Let x = 7573 - 7559. Calculate r(x).
3
Let z(d) = -379*d - 9864. Let c be z(-26). Let f(x) = -5*x - 46. Calculate f(c).
4
Suppose -4*z + 21 = 3*z. Suppose 4*y - 6 = 2*y, 2*u + 3 = z*y. Let l(i) = i**2 - 3*i. Let q(m) = -3*m**2 + 9*m + 1. Let x(w) = 11*l(w) + 4*q(w). Determine x(u).
4
Let p(m) be the second derivative of -m**3/6 - 15*m**2/2 + m - 38. Let b = -106 - -106. Determine p(b).
-15
Suppose -2*b - 6 = -0*b, 2*k + b - 45 = 0. Suppose 21 = -k*z - 99. Let a(h) = -h + 0*h + 6*h. Calculate a(z).
-25
Let r(a) be the third derivative of -5*a**4/8 + 7*a**3/3 + 172*a**2. Determine r(5).
-61
Let u = 3186 - 3186. Let n(k) = k**2 - k - 19. Calculate n(u).
-19
Let d(v) be the first derivative of -v**6/10 + v**4/12 - v**3/6 - 2*v**2 + 8*v + 29. Let x(j) be the second derivative of d(j). Give x(1).
-11
Let f(t) be the third derivative of -t**6/72 - t**5/120 - t**4/12 + 2*t**2. Let z(c) be the second derivative of f(c). Let k = 103326 + -103325. Determine z(k).
-11
Let n = -14 - -27. Let m(a) = 0*a**2 - 1 + a**2 - 12*a + 11*a + n*a**3 + 15*a**3. Determine m(-1).
-27
Suppose 0*n + 160 = 4*n. Let m(b) = 43*b**2 - b**3 - b - n*b**2 - 3 + 5*b. Let o(w) = -w**3 - 7*w**2 - 2*w - 10. Let i be o(-7). Give m(i).
-3
Let u(c) be the first derivative of -5*c**2/2 + 132*c + 1909. What is u(27)?
-3
Let o(n) = -2*n. Suppose -5*a + 2*q = 12, -5*a - 9 = -3*q + 4. Let l(f) = -13*f - 12. Let m be l(a). Suppose m = 5*d + 4. Calculate o(d).
-4
Let u(r) be the second derivative of r**7/2520 - 7*r**6/720 - r**5/20 + r**4/6 - 79*r**2/2 - 9*r. Let x(h) be the third derivative of u(h). Give x(7).
-6
Let g(r) be the first derivative of -r**4/4 + 3*r**3 + 5*r**2 + 583. What is g(10)?
0
Suppose -16 = 2*o - 41*j + 39*j, -20 = 4*o + 2*j. Let a(y) = 22*y + 123. Determine a(o).
-9
Let p(k) be the second derivative of k**5/20 - k**4/12 - 31*k**3/6 + 4*k**2 + 1056*k. Determine p(6).
2
Let a(t) = 2*t + 4. Let i(l) = l**2 + l + 4. Let c(g) = 4*a(g) - 3*i(g). Let k be 30519/(-23737)*((-7)/(-3))/1. Calculate c(k).
-38
Let c(j) = 17*j**3 - 34*j**2 - 32*j - 26. Let k(a) = 5*a**3 - 11*a**2 - 10*a - 6. Let w(v) = -2*c(v) + 7*k(v). Determine w(9).
-44
Suppose -386*k + 296*k = -270. Let q(p) = 7*p + 9. What is q(k)?
30
Let z be (-540)/(-4590)*34/48. Let p(s) be the second derivative of 8*s + 9/20*s**5 - z*s**4 + 0 - 1/6*s**3 + 1/2*s**2. Calculate p(1).
8
Suppose 3*r = 2*x + 8, 0*x + x = r - 4. Let k(y) = 24*y + y**3 + 2 - 8*y**2 + r - 22*y. What is k(8)?
18
Suppose 2*c - 4 = -4. Suppose q = -c*q + 5. Let w(x) = -127 - 2*x**2 + q*x + 64 + 61. Determine w(3).
-5
Suppose 4*y + 9 = 29. Let o be (-52)/3 - y/(-15). Let q = o - -10. Let f(k) = k + 17. What is f(q)?
10
Let t(r) = 74*r + 180. Let z(v) = 31*v + 87. Let a(h) = 2*t(h) - 5*z(h). Determine a(6).
-117
Let b = 133 - 138. Let m(g) = -687 + 3*g**2 + 2*g**2 - 4*g**2 + 5*g + 691. Give m(b).
4
Let u(z) = -9*z**2 - 11*z. Let a be (6 + -2 - -2)*(9 + (-228)/24). Calculate u(a).
-48
Let s(o) = 3*o + 3. Let z(m) = 9*m + 10. Let j(a) = -11*s(a) + 4*z(a). Let u be ((-7)/70)/((-27)/(23 - 1373)). Give j(u).
-8
Let c(r) = -3*r**3 - r**2 - r - 1. Let x = 24 + -23. Suppose 5*i + 15 = 0, 0 = -q - 2*q - 3*i - 12. Let z be q*(5 + (-4)/x). Calculate c(z).
2
Suppose 6 + 2 = -2*v, -3*v = 2*c - 60. Let m be -3*((-3)/(-4) + (-39)/c). Let y(x) = 4*x**2 - 1. Calculate y(m).
3
Suppose 2*f + 10 = 18. Suppose -f*w + 8 = 4*w. Let n be (-8)/4*w*2. Let l(b) = -2*b + 5. Determine l(n).
13
Let c(v) = v**2 + 13*v - 2. Let w = 253 + -259. Let b(j) = j**2 + 12*j - 2. Let r = 27 - 22. Let a(i) = r*c(i) + w*b(i). What is a(-7)?
2
Let o(k) = -k**2 - 13*k + 18. Suppose -157*x + 10 = -152*x + 90. Determine o(x).
-30
Suppose -16*v - 2593 = 2415. Let z = v + 316. Let m(p) be the second derivative of p**3/3 + 3*p**2/2 + p. Give m(z).
9
Let g = 740 + -747. Let n(m) = 3*m**2 + 10*m + 9. Determine n(g).
86
Let h(p) = -p**3 - 5*p**2 + 7*p + 1. Let s(d) = 22*d**2 - 10*d - 48. Let k be s(-4). Let j = 338 - k. Give h(j).
-5
Let g(d) = -d**3 - 6*d**2 - 5*d + 8. Let b(p) = 26*p**3 - 17 + 13*p**2 - 10*p - 24*p**3 + 21*p. Let v(j) = -6*b(j) - 13*g(j). Calculate v(0).
-2
Let p(y) = 3*y**3 - 2*y**2 + y - 1. Let i(f) = -16*f**3 + 3*f**2 + f + 2. Let z(o) = -i(o) - 6*p(o). Calculate z(3).
10
Let z(q) be the first derivative of -q**3/3 - 9*q**2/2 - 40*q + 1904. Give z(-5).
-20
Let k = 20709 - 20709. Let v(y) = y**2 + 7*y - 24. What is v(k)?
-24
Let z = 2332/3 - 777. Let y(i) be the first derivative of -7/2*i**2 - 2*i + 13 - z*i**3. Calculate y(-7).
-2
Let v(j) be the second derivative of 13*j**3/6 - j. Suppose 84 = -4*p + 275*z - 271*z, -101 = 3*p - 5*z. Give v(p).
-26
Let c(v) = -v**3 - 11*v**2 - 18*v + 16. Suppose -12538 = -12*f - 12634. Determine c(f).
-32
Let g = -103 + 121. Suppose 42*z - g = 39*z. Let w(y) = 5*y - 5. Let u(s) = 4*s - 4. Let x(k) = z*u(k) - 5*w(k). Give x(-8).
9
Let b(x) = 2*x + 5. Let t(r) = 3*r + 5. Let i(v) = -6*b(v) + 5*t(v). Suppose 3*o = -2*u - 0*u + 1, 0 = 3*u + o - 12. Give i(u).
10
Let t(o) be the second derivative of o**3/6 + o**2/2 - 5*o. Let k(c) be the first derivative of -c**2 + c + 28. Let g(n) = -k(n) - 3*t(n). What is g(-5)?
1
Let k(x) = x**3 - 38*x**2 - 1399*x + 66. Let d be k(-23). Let s(z) = z**3 + 27*z**2 + 28*z - 60. What is s(d)?
-112
Suppose 9*m - 30 = -21. Let l(h) = -11*h**2 - 3*h. Let c(n) = n. Let i(w) = m*l(w) + 4*c(w). Calculate i(2).
-42
Suppose 2*f + 92 = 2*q, -5*q - f + 209 = f. Let m(z) = 4 - 83*z + 41*z + q*z. Calculate m(-6).
-2
Let f(y) = -y + 6. Let a(v) = -v**2 + 8*v + 35. Let p be a(11). Let b be f(p). Suppose 3*t + 0*t = 5*s + 12, -t + b = 3*s. Let l(z) = z - 3. Calculate l(t).
1
Suppose -8*j - 15*j + 35*j - 24 = 0. Let y(r) = -2*r**3 + r**2 + 3. Determine y(j).
-9
Let b(x) = 2*x**3 + 6*x**2 + 3*x + 5. Let w(y) = -3*y**3 - 6*y**2 - 2*y - 5. Let f(m) = 4*b(m) + 3*w(m). What is f(7)?
-2
Let f(k) be the third derivative of -5/12*k**4 - 1/120*k**6 - 7/60*k**5 - 3*k + 0 + 6*k**2 - 7/6*k**3. Give f(-5).
-7
Let i(v) = -19*v**3 + 2*v**2 - 1. Let n(o) = -2*o**2 - 138*o - 18 + 252*o + 3 - 125*o. Let x be n(-2). What is i(x)?
20
Suppose 36 = 3*i + 3*c, 5*i = 2*c + 114 - 26. Let y = 24 - i. Let v(f) = 3*f - 6. What is v(y)?
18
Let q(x) = 5*x - 18. Let j(v) = 14*v - 48. Let n be ((-24)/12)/((-2)/11). Let c(t) = n*q(t) - 4*j(t). What is c(10)?
-16
Let t(x) be the first derivative of 3*x**2/2 - 5*x + 1. Suppose -1272017 = 20*f - 1271937. Determine t(f).
-17
Let r(n) = 81*n + 2032. Let w be r(-25). Let h(q) = -2*q**3 + 12*q**2 + 14*q. Give h(w).
0
Let d(j) = -58*j**2 + 13*j + 18. Let n(z) = 65*z**2 - 15*z - 21. Let w(v) = 9*d(v) + 8*n(v). Let i be 387/(-81) + 2/(-9). Calculate w(i).
-41
Let j(m) = 8*m**3 - 4*m**2 - 6*m - 5. Suppose -699*i + 586*i = 226. Calculate j(i).
-73
Let d(s) be the third derivative of s**4/4 + 91*s**3/2 + 6*s**2 - 2*s - 4. Calculate d(-44).
9
Let c(d) = d**3 - d**2 + 1. Let p be (0 - 0)*(-5)/25*-5. Let f be c(p). Let s be (2 - 